 What is the hundreds digit of o(z)?
8
Let l(s) = 3*s**2 - 12*s - 5. Suppose 3*w = -v + 17, 7*v + 2*w - 51 = 4*v. What is the tens digit of l(v)?
5
Let k = -18631 + 46868. What is the ten thousands digit of k?
2
Suppose -1351223 = -51*f - 342286 + 119591. What is the thousands digit of f?
2
Let o be 5713/58*-1*2. Let i = 802 + o. What is the units digit of i?
5
What is the hundreds digit of 24298 + (-3 - 9/(-3) - -7)?
3
Suppose -135 = -l - 131, -5*l = 2*i - 14282. What is the units digit of i?
1
Suppose -d = 4*k + 952 - 22456, 2*k + 3*d = 10752. Suppose 4*n = -20*n + k. What is the tens digit of n?
2
Suppose 2*r + 3*r = 3*c + 6, 2*c - 6 = 0. Suppose -g = m - 7 + 4, r*m - 23 = 4*g. Suppose m*d - 273 = 257. What is the tens digit of d?
0
Suppose 2*t + 52 = -4*o + o, -2*o + 5*t = 22. What is the units digit of -4*(-2 - (-2708)/o)?
5
Suppose -75*c = -27*c - 703248. What is the thousands digit of c?
4
Let c = -319 + 322. What is the units digit of (-29)/4*-73 + c/(-12)?
9
Let h(z) = z**2 + 17*z + 23. Let c be h(-6). Let s = c - -41. What is the hundreds digit of 572/3 + (-7)/((-21)/s)?
1
Let x(b) = 64*b**2 - b - 22. Let f = 87 + -90. What is the units digit of x(f)?
7
Let a = 92408 + -50502. What is the tens digit of a?
0
Suppose -5*p = -5*n + 82470, 107*n - 109*n + 32984 = -4*p. What is the ten thousands digit of n?
1
What is the units digit of 3/(10/5682160*24)?
7
Let b = 34 - 246. Suppose 0*n = -3*n - 408. Let o = n - b. What is the units digit of o?
6
Suppose 10 = 5*r, 4*m - 18494 - 4620 = -3*r. What is the tens digit of m?
7
Suppose 3*z - 3*n = -2*n + 68, 0 = 4*z - 2*n - 94. Let g(w) = 29*w - 6. Let t(x) = 20*x - 4. Let i(y) = 5*g(y) - 7*t(y). What is the tens digit of i(z)?
0
Suppose 0 = -17*o + 49 + 19. Suppose b + 2*j - o*j = 14, 4*j = 3*b - 36. What is the units digit of b?
8
Let q = 23 - 22. What is the tens digit of (3 - 376/(-2))/q?
9
What is the tens digit of 5 - (1160000/(-58) + 3 + -1)?
0
Suppose -7*y - 62046 = -10*y + 13221. What is the hundreds digit of y?
0
Suppose 4804 = -6*q + 16486. Suppose -h = -3*v - q, 4*h - 3*v - 7392 - 432 = 0. What is the tens digit of h?
5
What is the thousands digit of (40233/(-9))/((-78)/702)?
0
Let k(r) = -32*r + 33. Let t(z) = -32*z + 34. Let j(n) = -3*k(n) + 4*t(n). What is the hundreds digit of j(-5)?
1
Suppose 0 = -16*h - 1985 - 63. Let b = -8 - h. What is the units digit of b?
0
Let o(w) = w**2 + w. Let r(y) = -26*y**2 + 3*y + 16. Let g(i) = -o(i) - r(i). What is the hundreds digit of g(-4)?
4
Suppose -3*o = -t, 4*t - 3*o = -0*o + 36. What is the hundreds digit of (-16)/t + (-2 - 1868/(-6))?
3
Let t(n) = 34*n - 36. Let s be t(10). Suppose f - s = k + 63, -4*f - 2*k = -1474. What is the hundreds digit of f?
3
Suppose 0 = 3*a - 15, -40 - 23 = -4*q - 3*a. Suppose -q*f + 810 = -2*f. Suppose -5*o = -5*b + 75, 5*b = o + o + f. What is the units digit of b?
7
Suppose -67*t = -66*t - 2448. Suppose 9*r - t = r. What is the units digit of r?
6
Let k(h) be the first derivative of h**3 - 20*h**2 + 15*h - 113. What is the tens digit of k(21)?
9
Let d = 58 + -56. Let q be (-125)/(-45) - d/(-9). Suppose 329 = q*x - 82. What is the tens digit of x?
3
Suppose -64*m + 102*m - 281352 = 0. What is the thousands digit of m?
7
Suppose 37 = 2*h - 5*p - 349, 2*p + 557 = 3*h. Let w = h - 136. What is the tens digit of w?
4
Let f(i) = i**2 + 74*i + 246. What is the units digit of f(-73)?
3
Let g be (-260)/(-50) + (-2)/10. Suppose -4*t + 1808 = 4*s, 0 = 9*s - g*s + 3*t - 1805. What is the units digit of s?
9
Let n = 6 - 2. Let y be -4*((-6)/9)/(12/9). Suppose 57 = l + 4*d, y*l + n*d = 3*l - 33. What is the tens digit of l?
4
What is the hundreds digit of (-452570)/200*-4 - (-4)/(-10)?
0
Suppose 0 = -4*w + 1 - 5. Let q = -8 + 11. What is the units digit of 53 - q*w/(-3)?
2
Let d = 27 - 46. Let m = d + 22. Suppose -3*y + 162 = -m*g, 2*y = -4*g - g + 101. What is the units digit of y?
3
Let t(f) = 351*f**2 - 10*f + 46. What is the tens digit of t(2)?
3
Suppose 6*b = 282 + 1494. Let o = b - 131. What is the tens digit of o?
6
Let a = 91125 - 27099. What is the units digit of a?
6
Suppose 3*j + 231 = -3*k, -5*k = 3*j + 77 + 314. Let h(o) = -o**2 + 6*o + 5. Let d be h(-5). Let a = d - k. What is the units digit of a?
0
Let v(c) = 3*c**2 + 9*c + 12. Let f be 44/6 + (-1)/3. Suppose 13*l = f*l - 36. What is the units digit of v(l)?
6
Let c = 6231 - -1501. What is the tens digit of c?
3
Suppose -z + 3 = 14. Let x be -138*51/z - 8/(-44). What is the hundreds digit of x/6 - 3/(-9)?
1
Suppose 19*b + 7*b = 830830. Suppose -b = -38*s + 3*s. What is the tens digit of s?
1
Suppose 2*z - 2*p - 19554 = 16388, -2*p - 17974 = -z. What is the ten thousands digit of z?
1
Let b be 2 + 4/28 + (-4)/28. Suppose -3*r = -2*j + 2113, -5*r = b*j - j - 1089. What is the tens digit of j?
6
Let q(v) = 33*v**2 + 6*v - 34. What is the units digit of q(-9)?
5
Suppose 25*a - 30*a = -445. Suppose -88*n - 23 = -a*n. What is the tens digit of n?
2
Let j(h) = h**3 - 3*h**2 - 9*h - 18. Let d be j(9). Suppose 7*t - 615 = 4*t + 2*q, 3 = q. Let m = d - t. What is the units digit of m?
0
Let j(r) = 3381*r - 3168. What is the tens digit of j(8)?
8
Let r be (-5)/1 - (-85 - 7244). Suppose r = 11*u - 5260. What is the thousands digit of u?
1
Let m(b) = 701*b - 433. What is the tens digit of m(5)?
7
Let g be (-102)/(-459) + (1 - 2948/(-18)). Suppose -1463 = -3*q - 2*a + g, 0 = -5*q - 4*a + 2710. What is the tens digit of q?
4
Let c(v) = -9*v**3 + 30*v**2 + 68*v + 16. What is the hundreds digit of c(-9)?
3
What is the ten thousands digit of (-85955)/((-765)/30 - -23)?
3
Let y be (-1)/(1/2) + 79. Suppose 0 = m + j - y, -m - 5*j - 345 = -6*m. Let r = m + -63. What is the tens digit of r?
1
Suppose -4*h = 5*w + 14487, 2*h = h - 3. What is the units digit of w/10*(2 + 4*-1)?
9
Let t = -223 + 2369. What is the thousands digit of t?
2
Let g be -6*(4 + -1)/(-3)*-1. Let y(l) = -l**3 - 8*l**2 - 15*l. Let c be y(g). Let q = 46 - c. What is the tens digit of q?
2
Suppose 0 = -n - 29 + 49. Suppose 68 + n = 2*s. What is the tens digit of s?
4
Suppose -2*p = -2*h + 21204 + 15698, p = 4*h - 73801. What is the ten thousands digit of h?
1
Suppose -152*u + 1216095 = -1527961. What is the tens digit of u?
5
Suppose 3*y - 80 = 2*y + 5*h, -y - 4*h = -98. What is the hundreds digit of (966/15)/(279/y + -3)?
6
Suppose f + o = 5, 3*f - 25 = -f - 5*o. What is the hundreds digit of (f - 282)*(-18)/9?
5
What is the hundreds digit of ((-2639)/(-145))/(5/575)?
0
Suppose 1101835 = 33*d + 51*d - 177653. What is the units digit of d?
2
Let b = -755 - -742. Suppose 155 = 3*l - 82. Let z = b + l. What is the tens digit of z?
6
Suppose -9*o = -10*o - 13. Let l = o - -13. Suppose 3*w - 4*k - 378 = l, w + k = -2*k + 113. What is the tens digit of w?
2
Suppose -49 + 52 = a. Suppose -764 = -a*t - 2*i - 2007, 0 = 3*t - 2*i + 1223. Let w = -177 - t. What is the hundreds digit of w?
2
Suppose -12*z + 43114 - 13666 = 0. Let p = z + -1543. What is the tens digit of p?
1
Let d(y) = -824*y**3 - 8*y**2 + 8*y - 10. What is the thousands digit of d(-2)?
6
Suppose -15*c = -14*c + 6. Let g be ((-9)/c)/((-1)/(-2)) - -1. Suppose -g*s + 919 = s + n, 557 = 3*s - 5*n. What is the hundreds digit of s?
1
Suppose -58*t = -52*t - 15000. Suppose 5*j = -2*u - 3*u + t, 0 = -2*j + 2. What is the tens digit of u?
9
What is the units digit of (-4)/((-23)/(439576/32))?
9
Let q be (-4)/(-16) + (-1 - 22/(-8)). Suppose 0 = -4*m + 2*s + 1084, m + q*s = -3*m + 1084. What is the tens digit of m?
7
Let p(k) = -k**3 + 23*k**2 - 39*k - 59. Let d be p(21). Suppose 5*q + 6612 = 4*h - 463, -d*h + q + 7095 = 0. What is the hundreds digit of h?
7
Let d = -31161 + 59634. What is the tens digit of d?
7
Suppose 21*t - 15*t = -324. Let j = 182 + t. What is the units digit of j?
8
Let q = 664 + 16970. What is the ten thousands digit of q?
1
Let z = 2165 - 643. Suppose 0 = -9*w + 971 + z. What is the hundreds digit of w?
2
Let d(p) = 2*p**3 + 35*p**2 - 15*p - 61. What is the thousands digit of d(-15)?
1
Let s(t) = 278*t - 46. Let n(i) = 56*i - 9. Let m(y) = 14*n(y) - 3*s(y). What is the units digit of m(-2)?
2
Let w = 32814 + -19305. What is the thousands digit of w?
3
What is the ten thousands digit of (207/92)/9 - (-2 + 133523/(-4))?
3
Let j(x) = 43*x**